{"id":12820,"date":"2025-12-13T10:17:56","date_gmt":"2025-12-13T10:17:56","guid":{"rendered":"https:\/\/www.marasdurudis.com\/?page_id=12820"},"modified":"2025-12-13T10:21:26","modified_gmt":"2025-12-13T10:21:26","slug":"kvkk-politikasi","status":"publish","type":"page","link":"https:\/\/www.marasdurudis.com\/?page_id=12820","title":{"rendered":"KVKK Politikas\u0131"},"content":{"rendered":"\t\t<div data-elementor-type=\"wp-page\" data-elementor-id=\"12820\" class=\"elementor elementor-12820\">\n\t\t\t\t<div class=\"elementor-element elementor-element-b6a4f06 e-flex e-con-boxed e-con e-parent\" data-id=\"b6a4f06\" data-element_type=\"container\" data-e-type=\"container\">\n\t\t\t\t\t<div class=\"e-con-inner\">\n\t\t<div class=\"elementor-element elementor-element-ce4962b page-header-section e-flex e-con-boxed e-con e-child\" data-id=\"ce4962b\" data-element_type=\"container\" data-e-type=\"container\" data-settings=\"{&quot;background_background&quot;:&quot;classic&quot;}\">\n\t\t\t\t\t<div class=\"e-con-inner\">\n\t\t\t\t<div class=\"elementor-element elementor-element-e3cdcb3 elementor-absolute page-heading-image-2 at-image-animation at-animation-image-none at-none elementor-widget elementor-widget-image\" data-id=\"e3cdcb3\" data-element_type=\"widget\" data-e-type=\"widget\" data-settings=\"{&quot;_position&quot;:&quot;absolute&quot;,&quot;ekit_we_effect_on&quot;:&quot;none&quot;}\" data-widget_type=\"image.default\">\n\t\t\t\t\t\t\t\t\t\t\t\t\t\t\t<img decoding=\"async\" width=\"180\" height=\"180\" src=\"https:\/\/www.marasdurudis.com\/wp-content\/uploads\/2025\/09\/hero-character-img-2.png\" class=\"attachment-full size-full wp-image-1121\" alt=\"\" srcset=\"https:\/\/www.marasdurudis.com\/wp-content\/uploads\/2025\/09\/hero-character-img-2.png 180w, https:\/\/www.marasdurudis.com\/wp-content\/uploads\/2025\/09\/hero-character-img-2-150x150.png 150w\" sizes=\"(max-width: 180px) 100vw, 180px\" \/>\t\t\t\t\t\t\t\t\t\t\t\t\t\t\t<\/div>\n\t\t<div class=\"elementor-element elementor-element-0f77884 e-con-full e-flex e-con e-child\" data-id=\"0f77884\" data-element_type=\"container\" data-e-type=\"container\">\n\t\t\t\t<div class=\"elementor-element elementor-element-1ac69de at-heading-animation at-animation-heading-style-3 elementor-widget elementor-widget-heading\" data-id=\"1ac69de\" data-element_type=\"widget\" data-e-type=\"widget\" data-settings=\"{&quot;ekit_we_effect_on&quot;:&quot;none&quot;}\" data-widget_type=\"heading.default\">\n\t\t\t\t\t<h1 class=\"elementor-heading-title elementor-size-default\">KVKK Politikas\u0131<\/h1>\t\t\t\t<\/div>\n\t\t\t\t<div class=\"elementor-element elementor-element-6d8d4ef elementor-invisible elementor-widget elementor-widget-denture-breadcrumb\" data-id=\"6d8d4ef\" data-element_type=\"widget\" data-e-type=\"widget\" data-settings=\"{&quot;_animation&quot;:&quot;fadeInUp&quot;,&quot;ekit_we_effect_on&quot;:&quot;none&quot;}\" data-widget_type=\"denture-breadcrumb.default\">\n\t\t\t\t<div class=\"elementor-widget-container\">\n\t\t\t\t\t<div role=\"navigation\" aria-label=\"Breadcrumbs\" class=\"breadcrumb-trail breadcrumbs\"><ol class=\"trail-items\"><li class=\"trail-item trail-end\"><a href=\"https:\/\/www.marasdurudis.com\" rel=\"home\"><span>Anasayfa<\/span><\/a><\/li><\/ol><\/div>\t\t\t\t<\/div>\n\t\t\t\t<\/div>\n\t\t\t\t<\/div>\n\t\t\t\t\t<\/div>\n\t\t\t\t<\/div>\n\t\t\t\t\t<\/div>\n\t\t\t\t<\/div>\n\t\t<div class=\"elementor-element elementor-element-ae7dc2e e-flex e-con-boxed e-con e-parent\" data-id=\"ae7dc2e\" data-element_type=\"container\" data-e-type=\"container\">\n\t\t\t\t\t<div class=\"e-con-inner\">\n\t\t\t\t<div class=\"elementor-element elementor-element-bce6d9b elementor-widget elementor-widget-html\" data-id=\"bce6d9b\" data-element_type=\"widget\" data-e-type=\"widget\" data-settings=\"{&quot;ekit_we_effect_on&quot;:&quot;none&quot;}\" data-widget_type=\"html.default\">\n\t\t\t\t\t<section class=\"kvkk-wrap\">\n  <div class=\"kvkk-card\">\n    <h1>DURU D\u0130\u015e A\u011eIZ VE D\u0130\u015e SA\u011eLI\u011eI POL\u0130KL\u0130N\u0130\u011e\u0130<\/h1>\n    <h2>K\u0130\u015e\u0130SEL VER\u0130LER\u0130N \u0130\u015eLENMES\u0130 ve KORUNMASI POL\u0130T\u0130KASI<\/h2>\n\n    <hr class=\"kvkk-hr\" \/>\n\n    <h3>G\u0130R\u0130\u015e<\/h3>\n    <p>\n      6698 say\u0131l\u0131 Ki\u015fisel Verilerin Korunmas\u0131 Kanunu (\u201cKanun\u201d) gere\u011fince; i\u015fbu DURU D\u0130\u015e A\u011eIZ VE D\u0130\u015e SA\u011eLI\u011eI POL\u0130KL\u0130N\u0130\u011e\u0130\n      (\u201cKL\u0130N\u0130K\u201d olarak adland\u0131r\u0131lacakt\u0131r) Ki\u015fisel Verilerin \u0130\u015flenmesi ve Korunmas\u0131 Politikas\u0131 (\u201cPolitika\u201d), KL\u0130N\u0130K\n      taraf\u0131ndan ki\u015fisel verilerin korunmas\u0131 ve i\u015flenmesine ili\u015fkin y\u00fck\u00fcml\u00fcl\u00fcklerin yerine getirilmesinde uyulmas\u0131\n      gereken usul ve esaslar\u0131 d\u00fczenlemektedir.\n    <\/p>\n\n    <h3>1- AMA\u00c7 ve KAPSAM<\/h3>\n    <p>\n      KL\u0130N\u0130K faaliyetlerinin \u015feffafl\u0131k i\u00e7inde y\u00fcr\u00fct\u00fclmesi ilkesinin s\u00fcrd\u00fcr\u00fclebilirli\u011fi ama\u00e7lanmaktad\u0131r. Bu kapsamda\n      KL\u0130N\u0130K veri i\u015fleme faaliyetlerinin 6698 say\u0131l\u0131 Ki\u015fisel Verilerin Korunmas\u0131 Kanunu\u2019na (\u201cKVKK\u201d) uyumu bak\u0131m\u0131ndan\n      benimsenen temel prensipler belirlenmekte ve KL\u0130N\u0130K taraf\u0131ndan yerine getirilen uygulamalar a\u00e7\u0131klanmaktad\u0131r.\n    <\/p>\n    <p>\n      Politika, ki\u015fisel verilerin i\u015fleme \u015fartlar\u0131n\u0131 belirlemekte ve ki\u015fisel verilerin i\u015flenmesinde KL\u0130N\u0130K taraf\u0131ndan\n      benimsenen ana ilkeleri ortaya koymaktad\u0131r. Bu \u00e7er\u00e7evede Politika; otomatik olan veya herhangi bir veri kay\u0131t\n      sisteminin par\u00e7as\u0131 olmak kayd\u0131yla otomatik olmayan yollarla i\u015flenen ve ki\u015fisel verileri i\u015flenen ger\u00e7ek ki\u015filere\n      y\u00f6neliktir.\n    <\/p>\n    <p>KL\u0130N\u0130K, yasal d\u00fczenlemelere paralel olarak Politika\u2019da de\u011fi\u015fiklik yapma hakk\u0131n\u0131 sakl\u0131 tutar.<\/p>\n\n    <h3>1.1. Tan\u0131mlar<\/h3>\n\n    <div class=\"kvkk-defs\">\n      <div class=\"kvkk-def\">\n        <div class=\"k\">KL\u0130N\u0130K<\/div>\n        <div class=\"v\">DURU D\u0130\u015e A\u011eIZ VE D\u0130\u015e SA\u011eLI\u011eI POL\u0130KL\u0130N\u0130\u011e\u0130<\/div>\n      <\/div>\n      <div class=\"kvkk-def\">\n        <div class=\"k\">Ki\u015fisel Veri \/ Veriler<\/div>\n        <div class=\"v\">Kimli\u011fi belirli veya belirlenebilir ger\u00e7ek ki\u015fiye ili\u015fkin her t\u00fcrl\u00fc bilgidir.<\/div>\n      <\/div>\n      <div class=\"kvkk-def\">\n        <div class=\"k\">\u00d6zel Nitelikli Ki\u015fisel Veri<\/div>\n        <div class=\"v\">Sa\u011fl\u0131k verileri ba\u015fta olmak \u00fczere Kanun\u2019da say\u0131lan \u00f6zel nitelikli verilerdir.<\/div>\n      <\/div>\n      <div class=\"kvkk-def\">\n        <div class=\"k\">Ki\u015fisel Verilerin \u0130\u015flenmesi<\/div>\n        <div class=\"v\">\n          Ki\u015fisel verilerin tamamen veya k\u0131smen otomatik olan ya da herhangi bir veri kay\u0131t sisteminin par\u00e7as\u0131 olmak\n          kayd\u0131yla otomatik olmayan yollarla elde edilmesi, kaydedilmesi, depolanmas\u0131, muhafaza edilmesi, a\u00e7\u0131klanmas\u0131,\n          aktar\u0131lmas\u0131, s\u0131n\u0131fland\u0131r\u0131lmas\u0131 veya kullan\u0131lmas\u0131n\u0131n engellenmesi gibi i\u015flemlerdir.\n        <\/div>\n      <\/div>\n      <div class=\"kvkk-def\">\n        <div class=\"k\">Ki\u015fisel Veri Sahibi \/ \u0130lgili Ki\u015fi<\/div>\n        <div class=\"v\">\n          Hasta, hasta yak\u0131n\u0131, ziyaret\u00e7i, \u00e7al\u0131\u015fan, \u00e7al\u0131\u015fan aday\u0131, i\u015f orta\u011f\u0131, tedarik\u00e7i yetkilisi ve \u00fc\u00e7\u00fcnc\u00fc ki\u015filer.\n        <\/div>\n      <\/div>\n      <div class=\"kvkk-def\">\n        <div class=\"k\">Veri Kay\u0131t Sistemi<\/div>\n        <div class=\"v\">Ki\u015fisel verilerin belirli kriterlere g\u00f6re yap\u0131land\u0131r\u0131larak i\u015flendi\u011fi kay\u0131t sistemidir.<\/div>\n      <\/div>\n      <div class=\"kvkk-def\">\n        <div class=\"k\">Veri Sorumlusu<\/div>\n        <div class=\"v\">Ki\u015fisel verilerin i\u015fleme ama\u00e7 ve vas\u0131talar\u0131n\u0131 belirleyen KL\u0130N\u0130Ktir.<\/div>\n      <\/div>\n      <div class=\"kvkk-def\">\n        <div class=\"k\">Veri \u0130\u015fleyen<\/div>\n        <div class=\"v\">\n          Veri sorumlusu ad\u0131na onun talimatlar\u0131 do\u011frultusunda ki\u015fisel veri i\u015fleyen ger\u00e7ek veya t\u00fczel ki\u015fidir.\n        <\/div>\n      <\/div>\n      <div class=\"kvkk-def\">\n        <div class=\"k\">A\u00e7\u0131k R\u0131za<\/div>\n        <div class=\"v\">Belirli bir konuya ili\u015fkin, bilgilendirilmeye dayanan ve \u00f6zg\u00fcr iradeyle a\u00e7\u0131klanan r\u0131zad\u0131r.<\/div>\n      <\/div>\n      <div class=\"kvkk-def\">\n        <div class=\"k\">Anonim Hale Getirme<\/div>\n        <div class=\"v\">\n          Verilerin hi\u00e7bir surette kimli\u011fi belirli veya belirlenebilir bir ki\u015fiyle ili\u015fkilendirilemeyecek hale\n          getirilmesidir.\n        <\/div>\n      <\/div>\n    <\/div>\n\n    <h3>1.2. Y\u00fcr\u00fcrl\u00fck ve De\u011fi\u015fiklik<\/h3>\n    <p>\n      Politika, KL\u0130N\u0130K taraf\u0131ndan internet sitesinde yay\u0131mlanarak y\u00fcr\u00fcrl\u00fc\u011fe girer. Y\u00fcr\u00fcrl\u00fckteki mevzuat ile Politika\n      h\u00fck\u00fcmlerinin \u00e7eli\u015fmesi halinde mevzuat h\u00fck\u00fcmleri uygulan\u0131r.\n    <\/p>\n\n    <h3>2- K\u0130\u015e\u0130SEL VER\u0130LER, VER\u0130 SAH\u0130PLER\u0130 VE VER\u0130 KATEGOR\u0130LER\u0130<\/h3>\n\n    <h4>2.1. \u0130\u015flenen Ki\u015fisel Veri Kategorileri<\/h4>\n    <ul>\n      <li>Kimlik bilgileri (ad, soyad, T.C. Kimlik No vb.)<\/li>\n      <li>\u0130leti\u015fim bilgileri (telefon, adres, e-posta)<\/li>\n      <li>Sa\u011fl\u0131k verileri (muayene, te\u015fhis, tedavi, r\u00f6ntgen, re\u00e7ete vb.)<\/li>\n      <li>G\u00f6rsel veriler (kamera kay\u0131tlar\u0131)<\/li>\n      <li>Finansal bilgiler (\u00f6deme, fatura, tahsilat)<\/li>\n      <li>Talep ve \u015fik\u00e2yet bilgileri<\/li>\n      <li>Fiziksel mek\u00e2n g\u00fcvenlik bilgileri<\/li>\n      <li>\u00c7al\u0131\u015fan ve \u00e7al\u0131\u015fan aday\u0131 bilgileri<\/li>\n    <\/ul>\n\n    <h4>2.2. Veri Sahibi Kategorileri<\/h4>\n    <ul>\n      <li>\u00c7al\u0131\u015fan<\/li>\n      <li>Stajyer<\/li>\n      <li>\u00c7al\u0131\u015fan Aday\u0131<\/li>\n      <li>\u00dc\u00e7\u00fcnc\u00fc Ki\u015filer<\/li>\n      <li>\u0130\u015f Ortaklar\u0131 \/ Tedarik\u00e7iler<\/li>\n      <li>Ziyaret\u00e7iler<\/li>\n      <li>Hastalar<\/li>\n      <li>Potansiyel Hastalar<\/li>\n    <\/ul>\n\n    <h4>2.3. Ki\u015fisel Veri \u0130\u015fleme Ama\u00e7lar\u0131<\/h4>\n\n    <div class=\"kvkk-grid\">\n      <div class=\"kvkk-box\">\n        <h5>Hastalar ve Hasta Yak\u0131nlar\u0131 \u0130\u00e7in<\/h5>\n        <ul>\n          <li>Te\u015fhis, tedavi ve sa\u011fl\u0131k hizmetlerinin y\u00fcr\u00fct\u00fclmesi<\/li>\n          <li>Randevu ve hasta kay\u0131t s\u00fcre\u00e7leri<\/li>\n          <li>Hasta memnuniyeti faaliyetleri<\/li>\n          <li>\u00d6deme ve faturaland\u0131rma i\u015flemleri<\/li>\n          <li>Yasal y\u00fck\u00fcml\u00fcl\u00fcklerin yerine getirilmesi<\/li>\n          <li>Fiziksel mek\u00e2n ve bilgi g\u00fcvenli\u011finin sa\u011flanmas\u0131<\/li>\n        <\/ul>\n      <\/div>\n\n      <div class=\"kvkk-box\">\n        <h5>\u00c7al\u0131\u015fanlar \u0130\u00e7in<\/h5>\n        <ul>\n          <li>\u0130\u015f akdi ve mevzuat y\u00fck\u00fcml\u00fcl\u00fcklerinin yerine getirilmesi<\/li>\n          <li>\u0130nsan kaynaklar\u0131 s\u00fcre\u00e7leri<\/li>\n          <li>\u0130\u015f sa\u011fl\u0131\u011f\u0131 ve g\u00fcvenli\u011fi<\/li>\n          <li>Bordro ve \u00f6zl\u00fck i\u015flemleri<\/li>\n        <\/ul>\n      <\/div>\n\n      <div class=\"kvkk-box\">\n        <h5>Ziyaret\u00e7iler \u0130\u00e7in<\/h5>\n        <ul>\n          <li>G\u00fcvenlik kamera kay\u0131tlar\u0131n\u0131n tutulmas\u0131<\/li>\n          <li>Ziyaret\u00e7i kay\u0131tlar\u0131n\u0131n olu\u015fturulmas\u0131<\/li>\n          <li>Fiziksel mek\u00e2n g\u00fcvenli\u011finin sa\u011flanmas\u0131<\/li>\n        <\/ul>\n      <\/div>\n\n      <div class=\"kvkk-box\">\n        <h5>Potansiyel Hastalar \u0130\u00e7in<\/h5>\n        <ul>\n          <li>Bilgilendirme, teklif olu\u015fturma<\/li>\n          <li>Talep ve \u015fik\u00e2yetlerin y\u00f6netimi<\/li>\n          <li>A\u00e7\u0131k r\u0131za verilmesi halinde bilgilendirme ama\u00e7l\u0131 ileti\u015fim<\/li>\n        <\/ul>\n      <\/div>\n    <\/div>\n\n    <h3>3- VER\u0130 \u0130\u015eLEME \u0130LKELER\u0130 VE \u015eARTLARI<\/h3>\n    <p>Ki\u015fisel veriler;<\/p>\n    <ul>\n      <li>Hukuka ve d\u00fcr\u00fcstl\u00fck kurallar\u0131na uygun,<\/li>\n      <li>Do\u011fru ve g\u00fcncel,<\/li>\n      <li>Belirli, a\u00e7\u0131k ve me\u015fru ama\u00e7larla,<\/li>\n      <li>Ama\u00e7la ba\u011flant\u0131l\u0131, s\u0131n\u0131rl\u0131 ve \u00f6l\u00e7\u00fcl\u00fc \u015fekilde,<\/li>\n      <li>Mevzuatta \u00f6ng\u00f6r\u00fclen s\u00fcre kadar saklanarak i\u015flenir.<\/li>\n    <\/ul>\n    <p>\n      Sa\u011fl\u0131k verileri; kamu sa\u011fl\u0131\u011f\u0131n\u0131n korunmas\u0131, t\u0131bbi te\u015fhis, tedavi ve bak\u0131m hizmetlerinin y\u00fcr\u00fct\u00fclmesi amac\u0131yla s\u0131r\n      saklama y\u00fck\u00fcml\u00fcl\u00fc\u011f\u00fc alt\u0131nda bulunan ki\u015filerce i\u015flenir.\n    <\/p>\n\n    <h3>4- K\u0130\u015e\u0130SEL VER\u0130LER\u0130N TOPLANMA Y\u00d6NTEM\u0130 VE HUKUK\u0130 SEBEB\u0130<\/h3>\n    <p>\n      Ki\u015fisel veriler; web sitesi, telefon, e-posta, fiziki ba\u015fvuru, randevu sistemleri, kamera kay\u0131tlar\u0131 ve s\u00f6zle\u015fmeler\n      arac\u0131l\u0131\u011f\u0131yla toplanmaktad\u0131r.\n    <\/p>\n    <p>Veriler, KVKK\u2019n\u0131n 5. ve 6. maddelerinde belirtilen hukuki sebepler do\u011frultusunda i\u015flenmektedir.<\/p>\n\n    <h3>5- K\u0130\u015e\u0130SEL VER\u0130LER\u0130N AKTARILMASI<\/h3>\n    <p>\n      Ki\u015fisel veriler; yasal y\u00fck\u00fcml\u00fcl\u00fckler, hizmetin ifas\u0131 ve mevzuat gere\u011fi yetkili kamu kurumlar\u0131, muhasebe, hukuk ve\n      bili\u015fim hizmeti sa\u011flay\u0131c\u0131lar\u0131 ile payla\u015f\u0131labilir.\n    <\/p>\n    <p>Yurt d\u0131\u015f\u0131na veri aktar\u0131m\u0131 bulunmamaktad\u0131r.<\/p>\n\n    <h3>6- VER\u0130 SAH\u0130B\u0130N\u0130N HAKLARI<\/h3>\n    <p>KVKK\u2019n\u0131n 11. maddesi uyar\u0131nca veri sahipleri;<\/p>\n    <ul>\n      <li>Verilerinin i\u015flenip i\u015flenmedi\u011fini \u00f6\u011frenme<\/li>\n      <li>Bilgi talep etme<\/li>\n      <li>D\u00fczeltilmesini isteme<\/li>\n      <li>Silinmesini\/yok edilmesini isteme<\/li>\n      <li>\u0130\u015flemeye itiraz etme<\/li>\n      <li>Zarar halinde tazminat talep etme<\/li>\n    <\/ul>\n    <p>haklar\u0131na sahiptir.<\/p>\n\n    <h3>7- K\u0130\u015e\u0130SEL VER\u0130 G\u00dcVENL\u0130\u011e\u0130<\/h3>\n    <p>\n      KL\u0130N\u0130K, ki\u015fisel verilerin g\u00fcvenli\u011fini sa\u011flamak amac\u0131yla gerekli teknik ve idari tedbirleri almaktad\u0131r. Yetkisiz\n      eri\u015fim, kay\u0131p ve hukuka ayk\u0131r\u0131 i\u015flemenin \u00f6nlenmesi i\u00e7in gerekli \u00f6nlemler uygulan\u0131r.\n    <\/p>\n\n    <h3>8- K\u0130\u015e\u0130SEL VER\u0130LER\u0130N \u0130MHASI<\/h3>\n    <p>Ki\u015fisel veriler, i\u015flenme amac\u0131n\u0131n ortadan kalkmas\u0131 halinde silinir, yok edilir veya anonim hale getirilir.<\/p>\n\n    <h3>9- \u0130LET\u0130\u015e\u0130M<\/h3>\n    <p>\n      KVKK kapsam\u0131ndaki ba\u015fvurular\u0131n\u0131z\u0131 yaz\u0131l\u0131 olarak a\u015fa\u011f\u0131daki ileti\u015fim bilgileri \u00fczerinden DURU D\u0130\u015e\u2019e iletebilirsiniz.\n      Ba\u015fvurular en ge\u00e7 30 g\u00fcn i\u00e7inde sonu\u00e7land\u0131r\u0131l\u0131r.\n    <\/p>\n\n    <div class=\"kvkk-contact\">\n      <h4>DURU D\u0130\u015e A\u011f\u0131z ve Di\u015f Sa\u011fl\u0131\u011f\u0131 Poliklini\u011fi<\/h4>\n      <p>\n        <strong>Adres:<\/strong> Vadi Mah. Bah\u00e7eci Hoca Blv. Mevapark Sitesi 25\/A Alt\u0131 No:25\/A<br \/>\n        46050 Oniki\u015fubat \/ Kahramanmara\u015f\n      <\/p>\n      <p><strong>Telefon:<\/strong> <a href=\"tel:+905516374989\">+90 551 637 49 89<\/a><\/p>\n      <p><strong>E-posta:<\/strong> <a href=\"mailto:info@marasdurudis.com\">info@marasdurudis.com<\/a><\/p>\n      <p><strong>Web:<\/strong> <a href=\"https:\/\/www.marasdurudis.com\" target=\"_blank\" rel=\"noopener\">www.marasdurudis.com<\/a><\/p>\n    <\/div>\n  <\/div>\n<\/section>\n\n<style>\n  .kvkk-wrap {\n    width: 100%;\n    display: flex;\n    justify-content: center;\n    padding: 28px 14px;\n    box-sizing: border-box;\n  }\n\n  .kvkk-card {\n    width: min(980px, 100%);\n    background: #ffffff;\n    border: 1px solid rgba(0, 0, 0, 0.08);\n    border-radius: 16px;\n    padding: 28px;\n    box-sizing: border-box;\n    line-height: 1.75;\n    font-family: -apple-system, BlinkMacSystemFont, \"Segoe UI\", Roboto, Arial, \"Helvetica Neue\", sans-serif;\n    color: #1f2937;\n    box-shadow: 0 10px 30px rgba(0, 0, 0, 0.06);\n  }\n\n  .kvkk-card h1 {\n    margin: 0 0 6px 0;\n    text-align: center;\n    font-size: 24px;\n    letter-spacing: 0.2px;\n  }\n\n  .kvkk-card h2 {\n    margin: 0 0 18px 0;\n    text-align: center;\n    font-size: 16px;\n    font-weight: 600;\n    opacity: 0.9;\n  }\n\n  .kvkk-hr {\n    border: 0;\n    height: 1px;\n    background: rgba(0, 0, 0, 0.08);\n    margin: 18px 0 22px;\n  }\n\n  .kvkk-card h3 {\n    margin: 22px 0 10px;\n    font-size: 16px;\n    padding-left: 10px;\n    border-left: 4px solid rgba(0, 0, 0, 0.18);\n  }\n\n  .kvkk-card h4 {\n    margin: 18px 0 10px;\n    font-size: 15px;\n  }\n\n  .kvkk-card h5 {\n    margin: 0 0 10px 0;\n    font-size: 14px;\n  }\n\n  .kvkk-card p {\n    margin: 10px 0;\n  }\n\n  .kvkk-card ul {\n    margin: 10px 0 10px 18px;\n  }\n\n  .kvkk-card li {\n    margin: 6px 0;\n  }\n\n  .kvkk-defs {\n    display: grid;\n    gap: 10px;\n    margin-top: 12px;\n  }\n\n  .kvkk-def {\n    display: grid;\n    grid-template-columns: 260px 1fr;\n    gap: 12px;\n    padding: 12px 14px;\n    border: 1px solid rgba(0, 0, 0, 0.08);\n    border-radius: 12px;\n    background: rgba(0, 0, 0, 0.02);\n  }\n\n  .kvkk-def .k {\n    font-weight: 700;\n  }\n\n  .kvkk-def .v {\n    opacity: 0.98;\n  }\n\n  .kvkk-grid {\n    display: grid;\n    grid-template-columns: repeat(2, minmax(0, 1fr));\n    gap: 14px;\n    margin-top: 10px;\n  }\n\n  .kvkk-box {\n    padding: 14px;\n    border: 1px solid rgba(0, 0, 0, 0.08);\n    border-radius: 12px;\n    background: #fff;\n  }\n\n  .kvkk-contact {\n    margin-top: 12px;\n    padding: 16px;\n    border-radius: 14px;\n    border: 1px solid rgba(0, 0, 0, 0.08);\n    background: rgba(0, 0, 0, 0.02);\n    text-align: center;\n  }\n\n  .kvkk-contact a {\n    color: inherit;\n    text-decoration: underline;\n  }\n\n  @media (max-width: 780px) {\n    .kvkk-card {\n      padding: 18px;\n    }\n\n    .kvkk-def {\n      grid-template-columns: 1fr;\n    }\n\n    .kvkk-grid {\n      grid-template-columns: 1fr;\n    }\n  }\n<\/style>\n\t\t\t\t<\/div>\n\t\t\t\t\t<\/div>\n\t\t\t\t<\/div>\n\t\t\t\t<\/div>\n\t\t","protected":false},"excerpt":{"rendered":"<p>KVKK Politikas\u0131 Anasayfa DURU D\u0130\u015e A\u011eIZ VE D\u0130\u015e SA\u011eLI\u011eI POL\u0130KL\u0130N\u0130\u011e\u0130 K\u0130\u015e\u0130SEL VER\u0130LER\u0130N [&hellip;]<\/p>\n","protected":false},"author":1,"featured_media":0,"parent":0,"menu_order":0,"comment_status":"closed","ping_status":"closed","template":"elementor_header_footer","meta":{"footnotes":""},"class_list":["post-12820","page","type-page","status-publish","hentry"],"_links":{"self":[{"href":"https:\/\/www.marasdurudis.com\/index.php?rest_route=\/wp\/v2\/pages\/12820","targetHints":{"allow":["GET"]}}],"collection":[{"href":"https:\/\/www.marasdurudis.com\/index.php?rest_route=\/wp\/v2\/pages"}],"about":[{"href":"https:\/\/www.marasdurudis.com\/index.php?rest_route=\/wp\/v2\/types\/page"}],"author":[{"embeddable":true,"href":"https:\/\/www.marasdurudis.com\/index.php?rest_route=\/wp\/v2\/users\/1"}],"replies":[{"embeddable":true,"href":"https:\/\/www.marasdurudis.com\/index.php?rest_route=%2Fwp%2Fv2%2Fcomments&post=12820"}],"version-history":[{"count":4,"href":"https:\/\/www.marasdurudis.com\/index.php?rest_route=\/wp\/v2\/pages\/12820\/revisions"}],"predecessor-version":[{"id":12824,"href":"https:\/\/www.marasdurudis.com\/index.php?rest_route=\/wp\/v2\/pages\/12820\/revisions\/12824"}],"wp:attachment":[{"href":"https:\/\/www.marasdurudis.com\/index.php?rest_route=%2Fwp%2Fv2%2Fmedia&parent=12820"}],"curies":[{"name":"wp","href":"https:\/\/api.w.org\/{rel}","templated":true}]}}